mainder when 135 is divided by 65?
5
What is the remainder when 31 is divided by 16?
15
What is the remainder when 81 is divided by 24?
9
What is the remainder when 189 is divided by 49?
42
Calculate the remainder when 2626 is divided by 374.
8
What is the remainder when 714 is divided by 16?
10
What is the remainder when 2546 is divided by 51?
47
What is the remainder when 164 is divided by 58?
48
What is the remainder when 619 is divided by 20?
19
Calculate the remainder when 32 is divided by 17.
15
Calculate the remainder when 2641 is divided by 113.
42
What is the remainder when 3219 is divided by 115?
114
What is the remainder when 745 is divided by 34?
31
Calculate the remainder when 600 is divided by 28.
12
What is the remainder when 8 is divided by 5?
3
Calculate the remainder when 456 is divided by 77.
71
Calculate the remainder when 404 is divided by 3.
2
What is the remainder when 527 is divided by 21?
2
Calculate the remainder when 1349 is divided by 446.
11
Calculate the remainder when 762 is divided by 16.
10
What is the remainder when 867 is divided by 174?
171
Calculate the remainder when 681 is divided by 220.
21
Calculate the remainder when 295 is divided by 8.
7
Calculate the remainder when 566 is divided by 13.
7
What is the remainder when 7176 is divided by 37?
35
Calculate the remainder when 313 is divided by 57.
28
What is the remainder when 1124 is divided by 45?
44
What is the remainder when 440 is divided by 119?
83
What is the remainder when 524 is divided by 48?
44
What is the remainder when 290 is divided by 7?
3
Calculate the remainder when 26 is divided by 26.
0
Calculate the remainder when 129 is divided by 119.
10
What is the remainder when 2379 is divided by 70?
69
What is the remainder when 1883 is divided by 6?
5
What is the remainder when 10070 is divided by 73?
69
Calculate the remainder when 642 is divided by 640.
2
Calculate the remainder when 3156 is divided by 11.
10
Calculate the remainder when 3214 is divided by 48.
46
Calculate the remainder when 33 is divided by 24.
9
Calculate the remainder when 91 is divided by 28.
7
Calculate the remainder when 220 is divided by 14.
10
What is the remainder when 1814 is divided by 308?
274
What is the remainder when 21949 is divided by 27?
25
Calculate the remainder when 274 is divided by 234.
40
Calculate the remainder when 4923 is divided by 105.
93
What is the remainder when 189 is divided by 34?
19
What is the remainder when 105 is divided by 14?
7
What is the remainder when 307 is divided by 28?
27
What is the remainder when 1036 is divided by 128?
12
Calculate the remainder when 169 is divided by 26.
13
What is the remainder when 17550 is divided by 28?
22
What is the remainder when 111 is divided by 41?
29
Calculate the remainder when 958 is divided by 33.
1
What is the remainder when 1191 is divided by 48?
39
What is the remainder when 220 is divided by 115?
105
Calculate the remainder when 3476 is divided by 54.
20
Calculate the remainder when 250 is divided by 86.
78
Calculate the remainder when 15037 is divided by 94.
91
Calculate the remainder when 1337 is divided by 275.
237
Calculate the remainder when 116 is divided by 9.
8
What is the remainder when 1421 is divided by 62?
57
What is the remainder when 468 is divided by 139?
51
What is the remainder when 1328 is divided by 11?
8
Calculate the remainder when 650 is divided by 31.
30
What is the remainder when 751 is divided by 94?
93
What is the remainder when 1184 is divided by 85?
79
What is the remainder when 5424 is divided by 201?
198
Calculate the remainder when 3365 is divided by 37.
35
Calculate the remainder when 3511 is divided by 8.
7
What is the remainder when 1185 is divided by 12?
9
What is the remainder when 194 is divided by 33?
29
Calculate the remainder when 50 is divided by 19.
12
What is the remainder when 6807 is divided by 2267?
6
What is the remainder when 443 is divided by 380?
63
Calculate the remainder when 324 is divided by 49.
30
Calculate the remainder when 1705 is divided by 425.
5
Calculate the remainder when 2974 is divided by 12.
10
What is the remainder when 50 is divided by 9?
5
What is the remainder when 322 is divided by 87?
61
What is the remainder when 2387 is divided by 97?
59
What is the remainder when 173 is divided by 35?
33
Calculate the remainder when 76 is divided by 39.
37
Calculate the remainder when 240 is divided by 57.
12
Calculate the remainder when 763 is divided by 51.
49
Calculate the remainder when 306 is divided by 112.
82
Calculate the remainder when 3317 is divided by 370.
357
What is the remainder when 287 is divided by 9?
8
Calculate the remainder when 263 is divided by 252.
11
What is the remainder when 111 is divided by 44?
23
What is the remainder when 146 is divided by 35?
6
What is the remainder when 12933 is divided by 4311?
0
Calculate the remainder when 74 is divided by 22.
8
What is the remainder when 260 is divided by 137?
123
What is the remainder when 7739 is divided by 71?
0
Calculate the remainder when 1085 is divided by 64.
61
Calculate the remainder when 1114 is divided by 48.
10
Calculate the remainder when 44 is divided by 13.
5
What is the remainder when 199 is divided by 116?
83
Calculate the remainder when 423 is divided by 8.
7
Calculate the remainder when 2311 is divided by 89.
86
What is the remainder when 178 is divided by 74?
30
What is the remainder when 46 is divided by 13?
7
What is the remainder when 35 is divided by 8?
3
Calculate the remainder when 2704 is divided by 82.
80
Calculate the remainder when 129 is divided by 11.
8
Calculate the remainder when 9 is divided by 1.
0
Calculate the remainder when 118 is divided by 6.
4
What is the remainder when 1824 is divided by 108?
96
Calculate the remainder when 54 is divided by 14.
12
What is the remainder when 1267 is divided by 1251?
16
What is the remainder when 476 is divided by 234?
8
Calculate the remainder when 5983 is divided by 68.
67
Calculate the remainder when 12 is divided by 7.
5
What is the remainder when 1464 is divided by 174?
72
Calculate the remainder when 1059 is divided by 118.
115
Calculate the remainder when 805 is divided by 135.
130
Calculate the remainder when 277 is divided by 56.
53
What is the remainder when 6459 is divided by 10?
9
Calculate the remainder when 53 is divided by 15.
8
Calculate the remainder when 62 is divided by 17.
11
Calculate the remainder when 45 is divided by 28.
17
Calculate the remainder when 352 is divided by 181.
171
Calculate the remainder when 2610 is divided by 860.
30
What is the remainder when 142 is divided by 46?
4
What is the remainder when 41 is divided by 2?
1
What is the remainder when 147 is divided by 17?
11
Calculate the remainder when 1822 is divided by 63.
58
Calculate the remainder when 164 is divided by 21.
17
Calculate the remainder when 505 is divided by 13.
11
Calculate the remainder when 74 is divided by 11.
8
What is the remainder when 125 is divided by 38?
11
Calculate the remainder when 149 is divided by 63.
23
Calculate the remainder when 32141 is divided by 31.
25
What is the remainder when 1400 is divided by 118?
102
What is the remainder when 660 is divided by 13?
10
Calculate the remainder when 2234 is divided by 52.
50
What is the remainder when 106 is divided by 57?
49
Calculate the remainder when 34979 is divided by 265.
264
What is the remainder when 231 is divided by 175?
56
What is the remainder when 2379 is divided by 265?
259
What is the remainder when 101 is divided by 17?
16
What is the remainder when 49 is divided by 17?
15
Calculate the remainder when 369 is divided by 61.
3
What is the remainder when 278 is divided by 90?
8
Calculate the remainder when 396 is divided by 34.
22
What is the remainder when 2841 is divided by 36?
33
What is the remainder when 1584 is divided by 162?
126
What is the remainder when 209 is divided by 35?
34
Calculate the remainder when 1090 is divided by 3.
1
What is the remainder when 29 is divided by 11?
7
Calculate the remainder when 1662 is divided by 274.
18
Calculate the remainder when 268 is divided by 77.
37
What is the remainder when 520 is divided by 132?
124
Calculate the remainder when 3551 is divided by 74.
73
Calculate 